
In base 11, what is 10a - 10?
aa
In base 4, what is 22 + 1021?
1103
In base 11, what is -215 + -3?
-218
In base 13, what is -3 + -131?
-134
In base 6, what is 50 - -41?
131
In base 15, what is 1b - 6?
15
In base 3, what is -1210 - 110?
-2020
In base 2, what is 1 + -110100?
-110011
In base 6, what is 52013 - 1?
52012
In base 15, what is -5a + 4d?
-c
In base 13, what is 424b - -1?
424c
In base 4, what is 130222 - 10?
130212
In base 14, what is -1 - -1bb?
1ba
In base 4, what is -2 + -100?
-102
In base 16, what is -325 + 1?
-324
In base 12, what is -b2 + 0?
-b2
In base 11, what is -8636 - 3?
-8639
In base 4, what is -212 - 3?
-221
In base 4, what is -210 + -2?
-212
In base 7, what is 25135 + -1?
25134
In base 6, what is 1 + 402?
403
In base 8, what is 4 - 13106?
-13102
In base 11, what is -361 + 1?
-360
In base 3, what is 10000 + 1102?
11102
In base 14, what is -5 + 999?
994
In base 2, what is 1001010 - -1010?
1010100
In base 8, what is -1 + 2507?
2506
In base 2, what is 10 - -100?
110
In base 14, what is 67 + -3?
64
In base 4, what is 10 + -321?
-311
In base 10, what is -1 + -3?
-4
In base 9, what is 3887 + -4?
3883
In base 11, what is -865 - 8?
-872
In base 14, what is 167 + 0?
167
In base 12, what is -1 + 54?
53
In base 8, what is 7 - -3562?
3571
In base 11, what is -14 + 40?
27
In base 4, what is 10 - 230?
-220
In base 4, what is -120 - 10?
-130
In base 5, what is -3 - 30443?
-31001
In base 15, what is -3 - -1166?
1163
In base 3, what is 1110 + -200?
210
In base 14, what is 1adb + -3?
1ad8
In base 2, what is -111100 + 1110011?
110111
In base 10, what is -4 + -45?
-49
In base 7, what is 2 + 14?
16
In base 14, what is 5 - c07?
-c02
In base 5, what is -14242 - 3?
-14300
In base 9, what is -302 - 27?
-330
In base 11, what is -14 + -1?
-15
In base 15, what is -2 - -43e?
43c
In base 13, what is -225 - 2?
-227
In base 11, what is -a0 + -27?
-117
In base 16, what is -4 + b84?
b80
In base 10, what is -3 + 3?
0
In base 2, what is 1000001101010 - -101?
1000001101111
In base 8, what is -47 - 5?
-54
In base 15, what is 4 - -33?
37
In base 16, what is 18 + -d?
b
In base 12, what is -969 + 2?
-967
In base 13, what is 0 + -196?
-196
In base 11, what is 16 + 2?
18
In base 2, what is 100000010101011 - 100?
100000010100111
In base 11, what is -188 + -3?
-190
In base 8, what is 2 - -26?
30
In base 7, what is -4 + -34336?
-34343
In base 13, what is -167 + 37?
-130
In base 4, what is 13210 - -22?
13232
In base 3, what is -122200101 + 12?
-122200012
In base 8, what is 12156 - -3?
12161
In base 5, what is 0 - 113?
-113
In base 12, what is 11 + 16?
27
In base 2, what is -100100111 - 1011011?
-110000010
In base 13, what is 72b - -3?
731
In base 12, what is 2 + 244?
246
In base 6, what is 453 + 3?
500
In base 11, what is -2a + 7?
-23
In base 4, what is -202321 - 11?
-202332
In base 9, what is 26 - 5?
21
In base 7, what is 11405 + 4?
11412
In base 15, what is -5 + -1b?
-21
In base 6, what is 1520 + 32?
1552
In base 10, what is -2 + 16?
14
In base 6, what is -124 + -10?
-134
In base 16, what is -20 + -22?
-42
In base 8, what is -73 + 13?
-60
In base 9, what is -1175 - -2?
-1173
In base 16, what is -5e + 20?
-3e
In base 2, what is 11001 + 11?
11100
In base 12, what is -13 + -38?
-4b
In base 16, what is -e83 + 4?
-e7f
In base 10, what is -4 - 807?
-811
In base 15, what is 6d7 - 2?
6d5
In base 3, what is 12010 - -2?
12012
In base 4, what is -1101321 + -2?
-1101323
In base 11, what is 4 - 13?
-a
In base 7, what is 5463 - -4?
5500
In base 8, what is -5 - -47?
42
In base 3, what is 111 - 0?
111
In base 10, what is 750 - 0?
750
In base 6, what is 5 - -33?
42
In base 16, what is -3 + -112?
-115
In base 8, what is -3 + -1526?
-1531
In base 8, what is -25 + -116?
-143
In base 15, what is -3 - -3?
0
In base 11, what is -81 - 3?
-84
In base 3, what is -2202 - -2?
-2200
In base 9, what is -44 + 20?
-24
In base 5, what is -3 - 12?
-20
In base 6, what is 2520 - -14?
2534
In base 8, what is 14 - -52?
66
In base 3, what is 1 + 1012010?
1012011
In base 7, what is -13 - -41?
25
In base 8, what is 17 + 5?
24
In base 11, what is -2 - -39?
37
In base 11, what is -3 - -1632?
162a
In base 14, what is -1b + c?
-d
In base 13, what is 940 - a?
933
In base 3, what is -1202 + 1?
-1201
In base 13, what is 1 - 2a?
-29
In base 9, what is 3883 - 5?
3877
In base 13, what is -12ab - -7?
-12a4
In base 2, what is 1100 - 11?
1001
In base 15, what is 14 - -3?
17
In base 3, what is 20 + 122?
212
In base 2, what is -111100 - -10?
-111010
In base 15, what is 5 - 4?
1
In base 16, what is -2c - 0?
-2c
In base 13, what is -13a7 + 4?
-13a3
In base 3, what is -1101 - -11?
-1020
In base 7, what is 10 - 41?
-31
In base 8, what is -3 + 531?
526
In base 6, what is 1 - -1441?
1442
In base 15, what is -7bd - 4?
-7c2
In base 11, what is -830 - -5?
-826
In base 12, what is -107 - -52?
-75
In base 11, what is -6a9 - -1?
-6a8
In base 11, what is -123 - 6?
-129
In base 15, what is 35 - 6?
2e
In base 3, what is -1121 - 1?
-1122
In base 13, what is -165 - -5?
-160
In base 13, what is -2 + -26?
-28
In base 6, what is -1 - 401?
-402
In base 12, what is -101 - 4?
-105
In base 5, what is -20 - 420?
-440
In base 9, what is -13465 + -4?
-13470
In base 12, what is 4b + 3?
52
In base 3, what is 0 + 1120?
1120
In base 9, what is 6 - -355?
362
In base 12, what is 1 - -1041?
1042
In base 11, what is 4 - -43?
47
In base 7, what is 5 - 43?
-35
In base 15, what is 458 + -3?
455
In base 9, what is 37250 - 4?
37245
In base 9, what is -1133 + -5?
-1138
In base 13, what is 2 - -1ac?
1b1
In base 4, what is -23103032 + -2?
-23103100
In base 2, what is -1011110 + 11?
-1011011
In base 6, what is 1201 + -24?
1133
In base 10, what is -330 + -3?
-333
In base 7, what is -66 - 4?
-103
In base 16, what is 6 + e?
14
In base 15, what is 7dc + 9?
7e6
In base 10, what is 160 + -14?
146
In base 11, what is 20 - -23?
43
In base 15, what is 14 + -d?
6
In base 6, what is 13 + -102?
-45
In base 7, what is -12 + 13?
1
In base 13, what is -2 - -b?
9
In base 12, what is 272 - -8?
27a
In base 13, what is 5 - 5?
0
In base 10, what is -13174 - 5?
-13179
In base 9, what is -11 - 26?
-37
In base 2, what is 101 + -11001?
-10100
In base 2, what is -101 - -1011100100100?
1011100011111
In base 4, what is -10 - 1322?
-1332
In base 13, what is 7 - -8?
12
In base 5, what is 10 - 22?
-12
In base 16, what is 14 + 89?
9d
In base 8, what is -32 - -12?
-20
In base 10, what is 3 + -43?
-40
In base 6, what is -4 - 3034?
-3042
In base 6, what is -4 - -3?
-1
In base 2, what is -110100111 + -1010?
-110110001
In base 14, what is -b - 62?
-6d
In base 4, what is 302 + 1?
303
In base 5, what is 1 - -130?
131
In base 12, what is -70 - -5a?
-12
In base 13, what is -4 - -178?
174
In base 13, what is -1b44 - 5?
-1b49
In base 4, what is -1213 + -1233?
-3112
In base 6, what is -2 - 250?
-252
In base 13, what is -1c8 + 3?
-1c5
In base 15, what is -32 + -1?
-33
In base 4, what is -22 - -21?
-1
In base 15, what is 1c - 12?
a
In base 2, what is 101000 + 1?
101001
In base 8, what is -5 - -24?
17
In base 9, what is -276 + 0?
-276
In base 13, what is -4b - -30?
-1b
In base 8, what is 420 - 2?
416
In base 12, what is 2278 - -4?
2280
In base 3, what is 11221 + 0?
11221
In base 15, what is 4 + -641?
-63c
In base 11, what is -3 - 327?
-32a
In base 15, what is -4 + 3d?
39
In base 4, what is 3 - -11?
20
In base 7, what is 10 + 625?
635
In base 9, what is -1 - -134?
133
In base 5, what is 3 - 121?
-113
In base 2, what is -1000010111 - 10?
-1000011001
In base 9, what is 425 - -44?
470
In base 7, what is -1 + -3165?
-3166
In base 13, what is -6 + 1197?
1191
In base 13, what is -489 + 0?
-489
In base 13, what is -1189a + 1?
-11899
In base 5, what is -122 - -132?
10
In base 8, what is 3 - -2046?
2051
In base 8, what is 5 + -356?
-351
In base 14, what is 10 - c?
2
In base 6, what is 101 + -21?
40
In base 7, what is -116 + -14?
-133
In base 5, what is -114 + 113?
-1
In base 9, what is -14 - 23?
-37
In base 3, what is 20 - 11200?
-11110
In base 8, what is 15 + -3722?
-3705
In base 4, what is -12203 - -11?
-12132
In base 2, what is -1 - -11011110?
11011101
In base 5, what is -23420 + -10?
-23430
In base 9, what is -8 - 137?
-146
In base 13, what is -66 + -6?
-6c
In base 14, what is 0 - -61?
61
In base 9, what is -388